{"id":114,"date":"2023-06-07T18:59:44","date_gmt":"2023-06-07T18:59:44","guid":{"rendered":"http:\/\/hnoaxaca.com.mx\/?page_id=114"},"modified":"2023-06-07T19:39:30","modified_gmt":"2023-06-07T19:39:30","slug":"antecedentes-historicos","status":"publish","type":"page","link":"https:\/\/hnoaxaca.com.mx\/?page_id=114","title":{"rendered":"Antecedentes hist\u00f3ricos"},"content":{"rendered":"<div class=\"wp-block-image\">\n<figure class=\"aligncenter size-full is-resized\"><img fetchpriority=\"high\" decoding=\"async\" src=\"http:\/\/DOMINIO_NUEVO\/wp-content\/uploads\/2023\/06\/hospital-1.png\" alt=\"\" class=\"wp-image-119\" width=\"840\" height=\"307\" srcset=\"https:\/\/hnoaxaca.com.mx\/wp-content\/uploads\/2023\/06\/hospital-1.png 410w, https:\/\/hnoaxaca.com.mx\/wp-content\/uploads\/2023\/06\/hospital-1-300x110.png 300w\" sizes=\"(max-width: 840px) 100vw, 840px\" \/><\/figure>\n<\/div>\n\n\n<p>El Hospital de la Ni\u00f1ez Oaxaque\u00f1a inici\u00f3 su construcci\u00f3n el 30 de abril de 1996, y el 20 de junio de 1998, la Legislatura del Estado de Oaxaca emiti\u00f3 el decreto n\u00famero 234, por el que se cre\u00f3 el Hospital de la Ni\u00f1ez Oaxaque\u00f1a (HNO), con el objetivo de brindar atenci\u00f3n especializada a la poblaci\u00f3n infantil y adolescente.<\/p>\n\n\n\n<p>Fue inaugurado el 28 de octubre de 1998 e inici\u00f3 sus funciones el 15 de noviembre del mismo a\u00f1o, en un principio \u00fanicamente con el servicio de urgencias y 2 meses despu\u00e9s con el servicio de hospitalizaci\u00f3n con capacidad de 10 camas censables. El primer a\u00f1o de operaci\u00f3n, se brindaron 2,872 consultas de pediatr\u00eda, 5,909 consultas de especialidades pedi\u00e1tricas y 1,889 consultas de urgencias.<\/p>\n\n\n\n<p>En febrero de 1999, se inaugur\u00f3 el servicio de hospitalizaci\u00f3n y un quir\u00f3fano, para enero del a\u00f1o 2000 el servicio de Terapia Intensiva y la apertura de otro quir\u00f3fano m\u00e1s.<\/p>\n\n\n\n<p>Para el 2002 se inici\u00f3 el servicio de cirug\u00eda maxilofacial enfocado principalmente en menores con trastornos de tipo psicomotriz que requieren atenci\u00f3n bajo sedaci\u00f3n; y para el 2004 se integr\u00f3 el servicio de ortodoncia orientando la atenci\u00f3n a ni\u00f1os con labio y paladar hendido.<\/p>\n\n\n\n<p>En el 2003 se realiz\u00f3 la primera cirug\u00eda abierta de coraz\u00f3n con bomba extracorp\u00f3rea y se puso en marcha el tercer quir\u00f3fano. En 2005 se dio inicio al servicio de cirug\u00eda ambulatoria.<\/p>\n\n\n\n<p>Fue en octubre de 2006, cuando el hospital logr\u00f3 su primera acreditaci\u00f3n en la Unidad de Cuidados Intensivos Neonatales (UCIN) para la atenci\u00f3n de la prematurez, insuficiencia respiratoria y sepsis principalmente.<\/p>\n\n\n\n<p>El 25 de septiembre de 2008 esta unidad hospitalaria se acredit\u00f3 en la atenci\u00f3n de ni\u00f1os y adolescentes con c\u00e1ncer por la Direcci\u00f3n General de Calidad y Educaci\u00f3n en Salud con una calificaci\u00f3n de 97% de untotal de 100%.<\/p>\n\n\n\n<p>En el 2008 se inici\u00f3 el servicio de cirug\u00eda laparosc\u00f3pica y se implement\u00f3 la cl\u00ednica de cat\u00e9ter a cargo de la Unidad de Vigilancia Epidemiol\u00f3gica y del \u00e1rea de Enfermer\u00eda. Asimismo, el hospital se acredit\u00f3 para la atenci\u00f3n de c\u00e1ncer en la infancia con hematopat\u00edas malignas, tumores s\u00f3lidos dentro y fuera del sistema nervioso central.<\/p>\n\n\n\n<p>En el 2011, se inaugur\u00f3 el \u00e1rea de Terapia Intensiva Pedi\u00e1trica y, en ese mismo a\u00f1o, se logr\u00f3 la reacreditaci\u00f3n en la UCIN.<\/p>\n\n\n\n<p>El 04 de octubre de 2013 el servicio de oncolog\u00eda se traslad\u00f3 a un edificio nuevo, como parte de la segunda etapa de construcci\u00f3n del hospital, increment\u00e1ndose el n\u00famero de camas a 12, y otorgando independencia al servicio de quimioterapia ambulatoria en el mismo mes.<\/p>\n\n\n\n<p>El 17 de enero de 2014, la Direcci\u00f3n General de Calidad y Educaci\u00f3n en Salud emiti\u00f3 el dictamen de acreditaci\u00f3n al Hospital de la Ni\u00f1ez Oaxaque\u00f1a para la atenci\u00f3n de pacientes con hemofilia.<\/p>\n\n\n\n<p>En octubre del 2014 se inaugur\u00f3 el servicio de inhaloterapia, y se lograron las acreditaciones en el tratamiento de malformaciones cong\u00e9nitas del sistema cardiovascular, de tubo digestivo y de columna, as\u00ed como en hemofilia.<\/p>\n\n\n\n<p>En el mes de octubre de 2018, el hospital obtuvo cinco reacreditaciones: en la UCIN, c\u00e1ncer en la infancia con hematopat\u00edas malignas, tumores s\u00f3lidos del sistema nervioso central, tumores s\u00f3lidos fuera del sistema nervioso central, y hemofilia.<\/p>\n\n\n\n<p>En noviembre de 2019 el Hospital se reacredit\u00f3 en tratamiento de malformaciones cong\u00e9nitas cardiovasculares, de aparato digestivo y de columna vertebral, en malformaciones de aparato urinario y cirug\u00eda de corta estancia.<\/p>\n\n\n\n<p>En 2020, ante la contingencia generada por la pandemia de SARS COVID-19, se suspendi\u00f3 de forma parcial el funcionamiento del Hospital, brindando \u00fanicamente atenci\u00f3n en los servicios de urgencias y oncolog\u00eda, motivo por el cual se realiz\u00f3 el proceso de conversi\u00f3n a Hospital COVID, con el que se reservaron 8 espacios para la atenci\u00f3n de pacientes pedi\u00e1tricos con esta patolog\u00eda.<\/p>\n\n\n\n<p>Actualmente, el Hospital cuenta con 60 camas censables, 50 camas no censables o de tr\u00e1nsito, 3 quir\u00f3fanos funcionales con \u00e1rea de recuperaci\u00f3n, 24 consultorios, 17 especialidades cl\u00ednicas, 9 especialidades quir\u00fargicas y 7 servicios de apoyo como estomatolog\u00eda, nutrici\u00f3n e inhaloterapia.<\/p>\n\n\n\n<p>El Hospital de la Ni\u00f1ez Oaxaque\u00f1a tiene una poblaci\u00f3n potencial de 691,605 hombres y 681,310 mujeres, es decir, 1,372,915 ni\u00f1as, ni\u00f1os y adolescentes menores de 18 a\u00f1os, y se encuentra catalogado seg\u00fan la Direcci\u00f3n General de Informaci\u00f3n en Salud (DGIS), como un Hospital Especializado de Tercer Nivel, registrado en el Cat\u00e1logo de Clave \u00danica de Establecimientos en Salud (CLUES) con el n\u00famero: OCSSA001463.<\/p>\n\n\n","protected":false},"excerpt":{"rendered":"<p>El Hospital de la Ni\u00f1ez Oaxaque\u00f1a inici\u00f3 su construcci\u00f3n el 30 de abril de 1996, y el 20 de junio de 1998, la Legislatura del Estado de Oaxaca emiti\u00f3 el decreto n\u00famero 234, por el que se cre\u00f3 el Hospital de la Ni\u00f1ez Oaxaque\u00f1a (HNO), con el objetivo de brindar atenci\u00f3n especializada a la poblaci\u00f3n [&hellip;]<\/p>\n","protected":false},"author":3,"featured_media":0,"parent":0,"menu_order":0,"comment_status":"closed","ping_status":"closed","template":"","meta":{"footnotes":""},"class_list":["post-114","page","type-page","status-publish","hentry"],"_links":{"self":[{"href":"https:\/\/hnoaxaca.com.mx\/index.php?rest_route=\/wp\/v2\/pages\/114","targetHints":{"allow":["GET"]}}],"collection":[{"href":"https:\/\/hnoaxaca.com.mx\/index.php?rest_route=\/wp\/v2\/pages"}],"about":[{"href":"https:\/\/hnoaxaca.com.mx\/index.php?rest_route=\/wp\/v2\/types\/page"}],"author":[{"embeddable":true,"href":"https:\/\/hnoaxaca.com.mx\/index.php?rest_route=\/wp\/v2\/users\/3"}],"replies":[{"embeddable":true,"href":"https:\/\/hnoaxaca.com.mx\/index.php?rest_route=%2Fwp%2Fv2%2Fcomments&post=114"}],"version-history":[{"count":4,"href":"https:\/\/hnoaxaca.com.mx\/index.php?rest_route=\/wp\/v2\/pages\/114\/revisions"}],"predecessor-version":[{"id":121,"href":"https:\/\/hnoaxaca.com.mx\/index.php?rest_route=\/wp\/v2\/pages\/114\/revisions\/121"}],"wp:attachment":[{"href":"https:\/\/hnoaxaca.com.mx\/index.php?rest_route=%2Fwp%2Fv2%2Fmedia&parent=114"}],"curies":[{"name":"wp","href":"https:\/\/api.w.org\/{rel}","templated":true}]}}